Let f(i) = -17*i**2 - 1137*i - 102. What is the remainder when f(-65) is divided by 198?
196
Let l be (-5)/(0 + 2/(-8)). Suppose 0 = 21*g - l*g + 23. Let a = 42 + g. What is the remainder when 32 is divided by a?
13
Let z be 60/80 - 562/(-8). Suppose z*m - 70*m - 90 = 0. Calculate the remainder when m is divided by 24.
18
Let v = 204 + -189. What is the remainder when -4 + -77*(-5 - -4) is divided by v?
13
Suppose 2*b + 2*b = 2*b. Suppose 3*k - 853 = 3*x - 142, -3*x + 5*k - 709 = b. Calculate the remainder when 60 is divided by (x/(-42))/((-2)/(-6)).
9
Suppose 0 = 8*f - 724 - 812. Suppose -31*v + 366 + f = 0. What is the remainder when 74 is divided by v?
2
Suppose 4*f - 3*i + 115 = 184, 2*i = -4*f + 54. What is the remainder when 836 is divided by f?
11
Suppose 253 = -x + 2*x. Let t(f) = -33*f + 746. Calculate the remainder when x is divided by t(20).
81
Suppose -2*p - y = -60, -4*p + 93 = 3*y - 31. Let s = -11 + -4. Let j = s + 124. Calculate the remainder when j is divided by p.
25
Suppose s = -177*t + 181*t - 442, -2*t + s + 216 = 0. What is the remainder when t is divided by ((-141)/2)/(-3)*2?
19
Let u(w) be the first derivative of -6*w**2 + 50. Let s = 1 - 2. Calculate the remainder when 95 is divided by u(s).
11
Let x(v) = -31*v + 4. What is the remainder when x(-4) is divided by 2 + 23 + -4 - (-12)/1?
29
Let c = 12377 - 10959. Calculate the remainder when c is divided by 75.
68
Let t = 12 - 7. Let u(j) = -j**3 - 30*j**2 - 29*j + 23. Let q be u(-29). What is the remainder when 40/(8 + 0) + (q - 1) is divided by t?
2
Let k = -501 - -513. Suppose -k*c + 163 = -125. What is the remainder when 285 is divided by c?
21
Let k(v) = -v**3 - 16*v**2 - 21*v - 2. Suppose 4*m - 101 - 91 = -r, -157 = -3*m - 4*r. Calculate the remainder when k(-15) is divided by m.
41
Suppose 0 = -7*v + 2787 + 1399. What is the remainder when v is divided by 87?
76
What is the remainder when (-805)/(-46)*(-18)/(-5) is divided by 4?
3
Calculate the remainder when 1590 is divided by 4/5*(-3)/(-10)*75 - 6.
6
Let u(l) = -l**3 + 17*l**2 - 9*l - 99. What is the remainder when u(15) is divided by 97?
22
Suppose -23065 = -11*g - 8292. What is the remainder when g is divided by 334?
7
Let y(k) = -2*k**2 - 16*k - 8. Let h be 96/(-36)*(-27)/(-12). Let r = 24 - 19. What is the remainder when y(h) is divided by r?
1
Let g be (6 - 4)/(4/40). Suppose -g*b + 19*b + 14 = 0. Suppose -2*a = -6*a + 20. What is the remainder when b is divided by a?
4
Let x(s) = 8*s - 38. Let o(w) = 3*w**2 - 13*w - 6. Let t be o(6). Let a be 219/24 + 4 + (-99)/t. Calculate the remainder when x(a) is divided by 18.
16
Suppose 7*p - 404 = 3*p. Suppose 3*t - 409 = 221. Suppose -275*z - t = -285*z. Calculate the remainder when p is divided by z.
17
Let p(d) = 13*d**2 + 5*d - 2. Let o be p(4). Suppose -3*j + 2*j + 41 = 5*r, o = 5*j + 4*r. What is the remainder when 131 is divided by j?
39
Let b(w) = 0*w**2 + 19*w + 5*w**2 - 24 - w**2 - 5*w**2. Let n be b(18). Let u(q) = -q**3 - 4*q**2 + 7*q - 8. What is the remainder when 40 is divided by u(n)?
18
Let s be 2 + 4 + (-2)/(-1). Let z = 1 + s. What is the remainder when (-5 - -9)*1235/(-260) + 63 is divided by z?
8
Calculate the remainder when 382 is divided by (3/21 - (-891)/(-63))/(-2).
4
Suppose 3*j - 54 - 327 = 63. What is the remainder when 203 is divided by j?
55
Let f(n) = -13*n - 15 + n**2 + 16 + 22 - 3. Let i be f(12). Suppose -32 = i*g - 16*g. What is the remainder when 17 is divided by g?
1
Suppose -10*l - 13*l = -345. Calculate the remainder when (-2 + 0)/2 + 195 is divided by l.
14
Suppose 3*n = -n + r + 21, -5*r - 25 = -4*n. Let t(h) = 10*h**2 - 2*h. Let u be t(n). Suppose -10*x + 2*x = -u. What is the remainder when x is divided by 8?
6
What is the remainder when 1234 is divided by 22*(-189)/(-14) + 27 + -36?
82
Let p(t) = 21*t**2 - 11*t**2 + t - 48 - 9*t**2. What is the remainder when p(12) is divided by 37?
34
Suppose 3*o - 3*y = 24, 34 = 5*o - 57*y + 55*y. What is the remainder when 865 is divided by o?
1
Let c = 67 + -35. Let v be (-9 + (-611)/(-65))*(-1 - 239). Calculate the remainder when c is divided by 1/(-3) + 440/v*-4.
14
Let z = 3351 - 2934. Calculate the remainder when 1255 is divided by z.
4
Suppose 0 = 4*b - 728 + 116. Suppose 7*n + 48 = b. Suppose -2*s + 2*a = -26, 4*s = -a + 19 + 13. Calculate the remainder when n is divided by s.
6
Suppose -955 = -5*f - 4400. Let w = f + 698. Calculate the remainder when 40 is divided by w.
4
Let p(v) = 1166*v + 8033. Calculate the remainder when p(-6) is divided by 34.
17
Suppose 4*j - 265 = -a, -4*j + 4*a + 213 = -j. What is the remainder when (240/(-105) + (-164)/(-84))*(0 + -786) is divided by j?
61
Let u = -9384 + 9403. What is the remainder when 167 is divided by u?
15
Let x(h) = -2*h**3 - 4*h**2 - 3*h - 18. Let b be x(-3). Suppose b*g = 7*g + 52. Suppose 7 + 2 = s. Calculate the remainder when g is divided by s.
8
Let h(z) = -6*z - 2 + 0 + 2*z + 3*z + 19*z**2. Let v be h(-1). Let p = -6 + v. Calculate the remainder when 22 is divided by p.
10
Let t = 13011 - 12839. Calculate the remainder when 1546 is divided by t.
170
Suppose -2*s - 2*y = -326, -145*y - 296 = -2*s - 144*y. Let x = -25 - -45. Calculate the remainder when s is divided by x.
13
Calculate the remainder when 20058/14 - 205/287 is divided by 45.
37
Calculate the remainder when -7 + (10 - 0 - -56) + -7 is divided by 33.
19
Suppose 0*p + 134*p - 19*p = 296700. Calculate the remainder when p is divided by 29.
28
Let s(f) = -f**3 - 2*f**2 + 12*f + 22. Let n be s(-4). Suppose 2*a + 404 = -n*d + 10*d, 2*d + 2*a = 208. Calculate the remainder when d is divided by 26.
24
Suppose 0 = 3*w - d - 12, -9 = -w - 0*d + 2*d. Suppose 0 = -18*h + w*h + 1155. What is the remainder when h is divided by (3/(-1))/(3/(-26))?
25
Let o(a) = 26*a**2 + 25*a - 165. What is the remainder when o(6) is divided by 26?
11
Let m = -5312 + 5379. Let j be -9*(-7 + 2 - -1). Suppose -2*t - 8 = -j. What is the remainder when m is divided by t?
11
Let c = 17503 + -17451. What is the remainder when 804 is divided by c?
24
Suppose -4*c + 38 = -62. Let k(t) = 2*t**2 + 27*t + 8. Let l be k(-14). Let y = 120 - l. What is the remainder when y is divided by c?
23
Let f = -120 - -216. Let p be ((-34)/(-5))/(2/(-10)). Let w = p + f. What is the remainder when w is divided by 21?
20
Suppose 3*u + d + 9 = 4, 0 = -5*u + d + 5. Suppose 7*c - 9*c - 4*f + 170 = u, 2*f + 93 = c. Calculate the remainder when c is divided by 31.
27
Suppose 0*l = -3*l + 249. Let s be (40/(-24) + 2)*-21. What is the remainder when l is divided by s - 3*(-152)/24?
11
Suppose -83*l + 80*l = 6. Let o be 20 - 20 - (-186)/l. Let p = 100 + o. Calculate the remainder when 41 is divided by p.
6
Let d(s) = 89*s**2 - 4*s + 5. Let f be 8/10 + (-4)/(-20). What is the remainder when d(f) is divided by 23?
21
Let r(f) = -45*f + 7652. Calculate the remainder when 171 is divided by r(167).
34
Let i(k) = 7*k - 158. Let h be i(14). What is the remainder when (32/5)/((h/(-250))/6) is divided by 18?
16
Suppose -z = -5*r - 45, -8*z + 9*z = 4*r + 40. Suppose 27*d - 26*d + 4*c = z, 0 = 5*d + 4*c - 148. What is the remainder when 157 is divided by d?
29
Suppose 4184 = 125*l - 8316. Calculate the remainder when 1297 is divided by l.
97
Let i be (-104)/(-18) - 18/(-81). Suppose -14 = -i*n + 4. Suppose -u - 4*r = -169, u + 0*r - n*r = 197. Calculate the remainder when u is divided by 47.
44
Suppose 2*b - 13 = -4*u - 5, 0 = 5*b + 5*u - 15. Let k = 7 + -3. Calculate the remainder when b is divided by 4*(2/k)/1.
0
Let r(b) = -24*b + 24. Let l(j) = -j. Let w(x) = 6*l(x) - r(x). Calculate the remainder when w(4) is divided by 5.
3
Calculate the remainder when ((-11)/(1188/1593))/((-1)/4) is divided by 40.
19
Let z = 56 + -235. Let r = 194 + z. Calculate the remainder when 29 is divided by r.
14
Let c(x) = -x**2 - 815*x - 21887. Let q(m) = 5*m**2 + 4*m + 4. Let f be q(4). Suppose 0*v + 2*v - f = 0. Calculate the remainder when c(-28) is divided by v.
49
Let b(r) = 6*r**2 - 8*r**2 - 2 + 8*r**3 + 6 - 2. What is the remainder when 13 is divided by b(1)?
5
Let c(d) = 20*d**2 + 48*d + 42. Let j(r) = 7*r**2 + 16*r + 14. Let b(k) = -6*c(k) + 17*j(k). Calculate the remainder when 198 is divided by b(-8).
48
Suppose 170 = 12*w + 26. Let c be (